Let o(j) be the third derivative of 1/15*j**5 + 0 - 1/8*j**4 + 1/2*j**3 + 8*j - 3*j**2. Determine o(2).
13
Let p(u) = 5*u - 48. Let r(q) = 5*q + 5. Let b be r(1). Let m be p(b). Let n(o) = 11*o**2 + 14*o**m + 4*o - 26*o**2 - 5. Determine n(4).
-5
Let r(h) = h**3 + 7*h**2 + 7*h + 11. Let o(p) = -4*p**2 - 38*p - 93. Let b be o(-4). Calculate r(b).
26
Let r be (2 - -1)*34/51. Let n(t) = -2 + 4*t + 18*t**2 - 10*t**r - 7*t**2 + 3. Let w = 131 - 135. Give n(w).
1
Let q(l) be the first derivative of 4*l**3/3 - l**2/2 - l + 42424. Let n(j) = j - 1. Let m be n(0). Determine q(m).
4
Let h(x) = 17*x + 20. Let f(a) = -51*a - 2041. Let n be f(-40). Determine h(n).
3
Let n(g) = 2*g**2 + 7*g + 1. Let f(i) = 11*i + 172. Let v be f(-16). What is n(v)?
5
Let b(z) = -6*z**2 + 43*z - 6. Suppose 175*f = 1635 - 410. Determine b(f).
1
Let f(w) be the first derivative of -2*w**3/3 - 8*w**2 + 94*w + 4362. Calculate f(-12).
-2
Let u(b) = -505*b - 4. Let n(o) = -178*o - 1. Let p(m) = 17*n(m) - 6*u(m). Determine p(-3).
-5
Let t(m) be the first derivative of m**3/3 - 3*m**2/2 + 21. Let o be (-1)/(((-3)/(-12))/(20/(-16))). Determine t(o).
10
Let s(n) = 2*n - 8. Let a(l) = -4*l + 16. Let f(q) = 2*a(q) + 5*s(q). Suppose 4*i + 3*k - 28 + 8 = 0, -4*k = i - 5. Determine f(i).
2
Let o(l) = -l**2 - 18*l + 69. Let s be (3/(-6) - ((-6)/(-4))/(-1)) + -21. Calculate o(s).
29
Let m(s) = -2*s - 1. Suppose 0 = 11*n - 16*n - 65. Let f(i) = -3*i - 29. Let l be f(n). Let x be (2/(-3))/(l/(-45)). Calculate m(x).
-7
Let d(o) = o**3 + 2*o**2 - 3*o + 1. Let w = -292 + 60. Let h = w - -229. Calculate d(h).
1
Let n(o) be the first derivative of o**5/120 - o**4/6 + 20*o**3 + 3. Let s(b) be the third derivative of n(b). What is s(5)?
1
Suppose 49*d - 233 - 143 = 2*d. Let p(w) = w**3 - 7*w**2 - 22*w + 106. What is p(d)?
-6
Suppose 31*i - 15 = 8*i + 8. Let h(v) = 15*v**3 + v**2 - 2*v. What is h(i)?
14
Let m(l) = -141141 + 70580 + 8*l + 70578. Give m(-21).
-151
Let j(z) be the first derivative of -z**2/2 + 14*z - 1. Suppose -265*g - 236*g - 141*g = -8346. Give j(g).
1
Let y(z) = 5*z + 1548. Let w(b) = -2*b - 547. Let r(m) = -17*w(m) - 6*y(m). Calculate r(-12).
-37
Let x(r) = -r - 56. Suppose -119433*o + 84 = -119430*o. What is x(o)?
-84
Let r(d) = d**2 - 8*d. Suppose -6*l + 3*l + 75 = 0. Suppose -3*x - l = -3*y - 16, x = -2*y + 18. Give r(y).
-7
Let s(o) be the second derivative of o**3/6 - 5*o**2/2 + 2*o - 810. What is s(-2)?
-7
Suppose -5*u = 5*g - 0*g - 75, 4*g = 8. Let m(a) be the second derivative of -a**3/6 + 17*a**2/2 - 15*a + 542. Calculate m(u).
4
Let z(c) = -8*c**3 - 12*c**2 - 31*c - 2. Let t(b) = 8*b**3 + 10*b**2 + 27*b + 3. Let k(p) = -7*t(p) - 6*z(p). What is k(-2)?
69
Let s(p) be the third derivative of -3*p**6/40 - p**5/30 - p**4/12 - p**3/6 - 106*p**2 - 2*p. Suppose -2*z = 2*z - 20. Suppose z*v + 0*v = -5. What is s(v)?
8
Suppose -m + 4*m = 57. Suppose r + m = -4*a, 12 - 31 = -4*r + 3*a. Let f(k) = -3*k + 1 + k - 25*k**2 - 6*k**3 + 25*k**2. Calculate f(r).
-7
Let c(f) = -3 - 2 - f + 6*f. Suppose 0*r - 2*r = -5*q + 12, -4*q = -4*r. Suppose q*s = 147 - 123. Calculate c(s).
25
Let g(m) = -m**2 + m + 1. Let x(p) = 7*p**2 - 18*p + 2. Let w(c) = 6*g(c) + x(c). Let o(f) = -3*f**2 - 30*f + 11. Let t be o(-10). What is w(t)?
-3
Let t(f) = -64*f + 49*f + 42 + 4*f**2 - 3*f**2. Give t(13).
16
Suppose 4*m - 2394 = -5*m. Let c = 264 - m. Let d(p) = -p**3 + p. Give d(c).
6
Let a(c) be the third derivative of c**5/20 + 7*c**4/24 - 5*c**3/6 + 2*c**2 + 1244*c. Determine a(-3).
1
Let y(n) = -n**3 - 6*n**2 + n + 6. Let w be (3 - (1 - 1))*(1 + 0). Suppose -5*p + 4*h - 3*h = 32, 3*p - w*h + 24 = 0. What is y(p)?
0
Let j = 45 + -48. Let v = -160 - -162. Let l(a) = -70*a**2 + a**3 - v*a**3 + 67*a**2 - 7 + 5 - 2*a. Calculate l(j).
4
Let k(h) = 5*h**3 + 34*h**2 - 8*h - 254. Let m(y) = -6*y**3 - 34*y**2 + 9*y + 279. Let d(i) = -5*k(i) - 4*m(i). Give d(-34).
18
Let h(t) = -11*t - 7. Let v(w) = -9*w - 6. Let d(n) = 4*h(n) - 5*v(n). Let p(b) = -b**2 - 5*b + 2. Let z be p(-4). Give d(z).
8
Let j(n) = 2*n - 8. Suppose w - 2*h = -5*h - 30, -4*w - 5*h = 99. Let v = -35 - -62. Let p = w + v. What is j(p)?
4
Let q(c) = -2*c + 4. Suppose 0 = 4*z - 53 - 15. Let t = z + -16. Let a(k) = k + 1. Let s(p) = t*a(p) + q(p). Calculate s(5).
0
Suppose 21*f - 16*f = 15. Let w(m) = -3*m - 3*m + 9*m**2 - 21 - m**f + 5. Let x be w(8). Let s(o) = o. Calculate s(x).
0
Let w(s) = -s**2 + 12*s + 4. Let m(h) = h**3 - 22*h**2 - 42*h + 56. Let p be m(23). Let j = 394 + p. Calculate w(j).
-9
Let c(v) = 3*v**2 - 8*v - 4. Let x(n) = 5*n**2 - 8*n + 5. Let a(j) = -3*c(j) + 2*x(j). What is a(-6)?
10
Let f = -22498 - -22523. Let d(j) be the second derivative of 0 - f*j - 3/4*j**4 + 1/20*j**5 + j**3 - j**2. Give d(8).
-18
Let s(t) be the second derivative of -t**5/10 - 2*t**4 + 23*t**3/6 - 45*t**2/2 - 4045*t. Calculate s(-13).
-6
Let w(h) = -73*h - 221. Let k(t) = -8*t**2 - 187*t - 72. Let p be k(-23). What is w(p)?
-2
Let x(z) = z - 13. Suppose -140 = 89*p + 305. What is x(p)?
-18
Let v be (-6 - 208/(-34)) + 3736/34. Let b = v + -98. Let m(h) = h**2 - 10*h - 21. What is m(b)?
3
Let d(i) = -2*i**2 + 4*i - 3. Let s(z) = 3*z**2 - 4*z + 3. Let w(p) = 4*d(p) + 3*s(p). Suppose 36*b = -27 - 117. Calculate w(b).
-3
Let m be 5*(-5)/(-15) + (-3)/(-9). Suppose 2*k = m*g - 7 - 3, 3*g - 2*k - 10 = 0. Let c be 0 - g - -4*1. Let w(i) = i**3 - 5*i**2 + 5*i. Give w(c).
4
Let j(n) = n**2 + 3 - 429*n + 7 - 13 + 425*n. Let y(o) = 7*o + 7. Let h(m) = -13*m - 13. Let q(g) = -6*h(g) - 11*y(g). Let f be q(5). Calculate j(f).
9
Let t(s) = 2*s**2 + 3*s + 4. Let d be (12 - (-30)/(-5))*18. Let p = 105 - d. Determine t(p).
13
Let q(o) = -27446 - 71*o + 55296 - 27361. Give q(7).
-8
Let d(b) = -1 - 745296*b - 15*b**2 + 0 + 745294*b. What is d(-1)?
-14
Suppose -5*o - 88 = 82*d - 83*d, -3*o - 22 = -5*d. Let g(q) = -q**2 - 18*q + 30. Give g(o).
11
Let l(j) be the first derivative of -13*j - 5*j**2 - 49 + 1/3*j**3. Calculate l(10).
-13
Suppose 5*d = 4*s + 38, -4*s + 10 = -9*s. Let a(v) = 4*v + 0 - d*v + 1 + v. Give a(6).
-5
Let p(j) = -2*j**2 + j. Let c(l) = -22*l**2 + 10*l + 196. Let k(a) = -c(a) + 12*p(a). Let x(t) be the first derivative of k(t). What is x(2)?
-6
Let z(d) = d**3 + 2*d**2 - 4*d + 1. Suppose -78*x = -81*x + 18. Let q be 2/(-1 - x/(-12)). Give z(q).
-15
Let v(h) = -h**3 - 9*h**2 - h + 5. Let i = 7958 - 7967. Determine v(i).
14
Let s be -9*((-4)/(-8)*-2 - -45). Let z = s + 400. Let j(v) = v**3 - 3*v**2 - 5*v + 3. Give j(z).
-1
Let o(d) = d**3 - d**2 + d + 3. Suppose 17*v - 18*v = 0. Let f be o(v). Suppose 0 = 3*i - f*p - 4 - 5, 4*i = -3*p + 12. Let n(t) = t**2 + t - 3. Calculate n(i).
9
Let n(c) be the first derivative of -c**3/3 - 3*c**2 + c + 6. Let o(q) = -7*q**2 + 4*q - 2. Let f be o(1). Determine n(f).
6
Let r = 18 + -72. Let o be (0 + (-3 - -4))*r. Let v = 51 + o. Let i(x) = 2*x - 2. Give i(v).
-8
Suppose 0 = 4*r + 4*n + 16, 31*r - 35*r + 4*n = 8. Let t(z) = 29*z + 96. Calculate t(r).
9
Let v(k) = 11*k**2 - 17*k - 17. Let p(x) = -4*x**2 + 6*x + 6. Suppose -d + 5*i + 0 = 3, -d - 3 = -2*i. Let u(h) = d*v(h) - 8*p(h). Let r = 3 + 0. What is u(r)?
3
Let f(z) = 6*z**3 - z**2 - z - 2. Let s(n) = -7*n**3 + n + 3. Let j(x) = -6*f(x) - 5*s(x). Let y = 2280 + -2274. Give j(y).
3
Let h(k) = k**3 + 13*k**2 - 3*k - 74. Let q(g) = g**3 + 12*g**2 - 3*g - 69. Let d(o) = -6*h(o) + 7*q(o). Determine d(-5).
1
Let o(t) = -2*t**2 - 14*t + 27. Suppose -5*m + 18 = 2*d, 5*m = 11*d - 16*d + 30. Determine o(m).
-9
Let l(k) be the third derivative of -k**8/6720 - k**7/2520 + k**6/720 + 7*k**5/12 - 2*k**2 + 13. Let w(c) be the third derivative of l(c). Calculate w(1).
-4
Suppose 24*j - 4*o = 26*j - 4, 4*j = -5*o - 7. Let r(f) = -f**2 - 41*f - 262. What is r(j)?
2
Let s(w) be the second derivative of 23 - 7/12*w**4 + 2*w + 5*w**2 - 1/3*w**3 + 1/20*w**5. Calculate s(7).
-4
Let u(v) = 1 - 2*v**2 - 2*v - 15*v**2 - 18*v**2. Suppose 144 = -527*s + 671. Determine u(s).
-36
Let r = -5 + 4. Let c(z) = -4*z + 45. Let o be c(7). Let b(h) = o - 6*h - 4 - 12. Give b(r).
7
Let n(s) be the first derivative of s**4/4 + 3*s**3 - s**2/2 - 66*s + 813. Give n(-8).
6
Let q(d) be the third derivative of -d**6/40 - d**5/60 + 5*d**2. Suppose -m + 6 = 2*z, m = 6*z - 4*z - 14. Suppose z*g + 0 + 5 = 0. Give q(